en thousands digit of 13216?
1
What is the hundreds digit of 270?
2
What is the tens digit of 9933?
3
What is the thousands digit of 6120?
6
What is the ten thousands digit of 15685?
1
What is the units digit of 4469?
9
What is the units digit of 80588?
8
What is the thousands digit of 12679?
2
What is the hundred thousands digit of 105358?
1
What is the ten thousands digit of 105817?
0
What is the thousands digit of 2471?
2
What is the tens digit of 7594?
9
What is the units digit of 541?
1
What is the tens digit of 1255?
5
What is the thousands digit of 9833?
9
What is the units digit of 198?
8
What is the ten thousands digit of 17270?
1
What is the ten thousands digit of 16876?
1
What is the tens digit of 116?
1
What is the thousands digit of 9215?
9
What is the hundreds digit of 49157?
1
What is the tens digit of 9721?
2
What is the units digit of 597?
7
What is the tens digit of 648?
4
What is the units digit of 964?
4
What is the units digit of 11248?
8
What is the tens digit of 354?
5
What is the hundreds digit of 3128?
1
What is the tens digit of 3668?
6
What is the hundreds digit of 569?
5
What is the hundreds digit of 487?
4
What is the thousands digit of 3945?
3
What is the thousands digit of 23369?
3
What is the hundreds digit of 34063?
0
What is the thousands digit of 78603?
8
What is the units digit of 3077?
7
What is the thousands digit of 1186?
1
What is the hundreds digit of 19927?
9
What is the units digit of 6024?
4
What is the units digit of 34497?
7
What is the hundred thousands digit of 149692?
1
What is the tens digit of 11770?
7
What is the thousands digit of 9962?
9
What is the units digit of 462?
2
What is the units digit of 16901?
1
What is the thousands digit of 54307?
4
What is the units digit of 9250?
0
What is the hundreds digit of 6346?
3
What is the tens digit of 994?
9
What is the tens digit of 917?
1
What is the tens digit of 287?
8
What is the units digit of 789?
9
What is the thousands digit of 55711?
5
What is the ten thousands digit of 59586?
5
What is the units digit of 1186?
6
What is the units digit of 2433?
3
What is the tens digit of 369?
6
What is the hundreds digit of 3535?
5
What is the units digit of 1398?
8
What is the hundreds digit of 254?
2
What is the tens digit of 854?
5
What is the units digit of 14002?
2
What is the thousands digit of 2117?
2
What is the hundreds digit of 743?
7
What is the units digit of 5044?
4
What is the tens digit of 168752?
5
What is the units digit of 218?
8
What is the ten thousands digit of 31461?
3
What is the units digit of 58299?
9
What is the hundreds digit of 1501?
5
What is the thousands digit of 7828?
7
What is the tens digit of 6645?
4
What is the tens digit of 9963?
6
What is the thousands digit of 11590?
1
What is the thousands digit of 2047?
2
What is the units digit of 141446?
6
What is the units digit of 45301?
1
What is the thousands digit of 2025?
2
What is the thousands digit of 36464?
6
What is the tens digit of 87672?
7
What is the units digit of 1079?
9
What is the hundreds digit of 29111?
1
What is the tens digit of 21957?
5
What is the units digit of 64141?
1
What is the thousands digit of 6333?
6
What is the tens digit of 13102?
0
What is the thousands digit of 1488?
1
What is the tens digit of 808?
0
What is the units digit of 3471?
1
What is the tens digit of 2051?
5
What is the units digit of 2215?
5
What is the tens digit of 2041?
4
What is the thousands digit of 1223?
1
What is the tens digit of 2562?
6
What is the hundreds digit of 5753?
7
What is the units digit of 1195?
5
What is the hundreds digit of 65610?
6
What is the thousands digit of 5267?
5
What is the tens digit of 179?
7
What is the hundreds digit of 2048?
0
What is the units digit of 994?
4
What is the hundreds digit of 21001?
0
What is the units digit of 29442?
2
What is the tens digit of 17949?
4
What is the ten thousands digit of 31796?
3
What is the tens digit of 4540?
4
What is the ten thousands digit of 38071?
3
What is the units digit of 3057?
7
What is the tens digit of 209?
0
What is the hundreds digit of 1728?
7
What is the thousands digit of 58363?
8
What is the units digit of 36374?
4
What is the hundreds digit of 78372?
3
What is the hundreds digit of 597?
5
What is the hundreds digit of 1820?
8
What is the tens digit of 4334?
3
What is the thousands digit of 1375?
1
What is the ten thousands digit of 208740?
0
What is the thousands digit of 1479?
1
What is the ten thousands digit of 168479?
6
What is the hundreds digit of 85529?
5
What is the ten thousands digit of 21788?
2
What is the thousands digit of 3990?
3
What is the hundreds digit of 20970?
9
What is the tens digit of 28635?
3
What is the thousands digit of 9176?
9
What is the thousands digit of 1033?
1
What is the tens digit of 64467?
6
What is the tens digit of 1789?
8
What is the ten thousands digit of 19791?
1
What is the thousands digit of 2772?
2
What is the hundreds digit of 836?
8
What is the tens digit of 1175?
7
What is the units digit of 471?
1
What is the thousands digit of 1280?
1
What is the tens digit of 1592?
9
What is the units digit of 56247?
7
What is the ten thousands digit of 18903?
1
What is the units digit of 114?
4
What is the thousands digit of 1676?
1
What is the hundreds digit of 86974?
9
What is the hundreds digit of 3915?
9
What is the tens digit of 168?
6
What is the units digit of 21813?
3
What is the tens digit of 2844?
4
What is the thousands digit of 173260?
3
What is the hundreds digit of 33886?
8
What is the hundreds digit of 9672?
6
What is the tens digit of 57?
5
What is the tens digit of 6019?
1
What is the thousands digit of 1984?
1
What is the tens digit of 99557?
5
What is the hundreds digit of 1568?
5
What is the hundreds digit of 3668?
6
What is the hundreds digit of 832?
8
What is the hundreds digit of 1196?
1
What is the units digit of 4718?
8
What is the thousands digit of 1266?
1
What is the tens digit of 11971?
7
What is the units digit of 1533?
3
What is the tens digit of 11343?
4
What is the ten thousands digit of 22267?
2
What is the units digit of 8598?
8
What is the tens digit of 532?
3
What is the hundreds digit of 1454?
4
What is the units digit of 16356?
6
What is the tens digit of 2053?
5
What is the tens digit of 9607?
0
What is the hundreds digit of 5571?
5
What is the tens digit of 43735?
3
What is the units digit of 2175?
5
What is the hundreds digit of 12271?
2
What is the thousands digit of 1634?
1
What is the tens digit of 4529?
2
What is the units digit of 2720?
0
What is the tens digit of 13908?
0
What is the tens digit of 25?
2
What is the tens digit of 44455?
5
What is the thousands digit of 3041?
3
What is the units digit of 3077?
7
What is the hundreds digit of 3651?
6
What is the units digit of 1199?
9
What is the ten thousands digit of 18700?
1
What is the hundreds digit of 23504?
5
What is the units digit of 2109?
9
What is the hundred thousands digit of 127976?
1
What is the units digit of 237?
7
What is the hundreds digit of 26528?
5
What is the tens digit of 928?
2
What is the units digit of 738?
8
What is the units digit of 14020?
0
What is the units digit of 449?
9
What is the hundreds digit of 252?
2
What is the tens digit of 7116?
1
What is the tens digit of 4842?
4
What is the tens digit of 47818?
1
What is the thousands digit of 1452?
1
What is the ten thousands digit of 79323?
7
What is the ten thousands digit of 33635?
3
What is the tens digit of 1016?
1
What is the thousands digit of 3871?
3
What is the tens digit of 61725?
2
What is the tens digit of 4194?
9
What is the hundreds digit of 1890?
8
What is the tens digit of 3258?
5
What is the thousands digit of 38115?
8
What is the units digit of 602?
2
What is the ten thousands digit of 25740?
2
What is the units digit of 338?
8
What is the hundreds digit of 54269?
2
What is the hundreds digit of 81011?
0
What is the units digit of 21858?
8
What is the hundreds digit of 770?
7
What is the units digit of 4136?
6
What is the ten thousands digit of 30300?
3
What is the units digit of 32544?
4
What is the tens digit of 37482?
8
What is the thousands digit of 3846?
3
What is the ten thousands digit of 16396?
1
What is the ten thousands digit of 42790?
4
What is the u